ppose -4*l + 3*c + 784 = 0, 5*l - 2*l = 3*c + 585. Let y = 267 - l. Calculate the highest common divisor of 17 and y.
17
Let t(y) = 12*y - 6. Let n be t(4). Suppose -4*i - 2*w = -2010, 0*i - 519 = -i + 5*w. Calculate the highest common factor of n and i.
42
Let v(m) = -4 - 4*m**2 + 2*m + 40 + 3*m**2. Let u be v(8). Let s be -1*(-32)/u*-12. Calculate the highest common divisor of s and 8.
8
Suppose -283*s - 254*s + 39757 = -19532 + 9348. Let c = 563 + -346. What is the greatest common divisor of c and s?
31
Suppose -4*g + v = -899, 6*g = 3*g - 4*v + 679. Calculate the greatest common factor of 1925 and g.
25
Suppose 2*d = -d + 3*a - 192, -2*d - 118 = 3*a. Let b = d + 76. Calculate the highest common divisor of 2 and b.
2
Let y(d) = -31*d - 1. Let h be y(-1). Suppose 0 = 393*i - 392*i - 3*m - 132, 0 = 4*i + 5*m - 460. Calculate the highest common divisor of h and i.
30
Let x be 11/(-33) + -9066*3/(-27). What is the greatest common factor of x and 38?
19
Suppose -12 = 2*g - 84. Suppose -r + 170*j = 167*j - 33, -2*j - 162 = -4*r. Suppose r = 6*h - g. Calculate the highest common divisor of h and 39.
13
Let c = 44 + -13. Let r be (119/4)/((-9)/(-36)) - -5. Calculate the highest common divisor of c and r.
31
Suppose 12*p - 9501 = -2973. What is the highest common factor of 952 and p?
136
Let c be 6/(-14) - (-272)/112. Suppose -5*m = c*b - 36, 3*m + 7 = b - 0. Suppose -b*a + 500 = -8*a. Calculate the highest common factor of a and 20.
20
Let v(d) = d**3 - 2*d**2 + 12*d - 20. Let c be v(2). Suppose -5*z - 2*x + 34 = 0, 11*z + 4*x - c = 9*z. What is the greatest common divisor of 56 and z?
8
Suppose 4*y + 167 = 171, -5*l = -y - 3134. Calculate the highest common factor of l and 3971.
209
Let u(h) = -16*h + 302. Let m be u(16). Suppose -21 + 1 = -5*l. Suppose 4*o + 5 - 1 = 0, -l*x - 5*o + 1651 = 0. Calculate the highest common divisor of m and x.
46
Let j be (-646506)/(-1323) - (-2)/(-3). What is the greatest common factor of j and 392?
8
Let u = -227 + 222. Let v be (u - -4)/(-2) + 142/4. Calculate the greatest common divisor of 3 and v.
3
Let l = 96 - 87. Suppose -27 = -2*o - l. Calculate the highest common factor of o and 3.
3
Let o be ((-20)/(-5))/(((-55)/(-20))/11). Suppose -o = -31*k + 30*k. Calculate the greatest common factor of k and 1136.
16
Suppose -26 = -g - 4*f, -29*g = -27*g - 4*f - 28. Suppose g*s - 374 = 166. What is the greatest common factor of 78 and s?
6
Let t = 51 + -46. Suppose 15*y = t*y + 80. Suppose 4*p + 6*c - 303 = 3*c, 0 = -5*p + 3*c + 345. Calculate the greatest common divisor of y and p.
8
Suppose -3*b - 3 = -24. Let j be 24/b - 6/14. Suppose 5*g - j + 0 = 3*n, -5*g = -n - 11. Calculate the greatest common factor of 4 and n.
4
Suppose 181*z - 152379 - 622651 = -54*z. What is the greatest common factor of 34 and z?
34
Let s(c) = -5 + 2*c + 11 - 5*c + 7*c**2 - 2*c - 4*c. Let k be s(11). Calculate the highest common factor of 29 and k.
29
Let g(a) = -a - 12. Let d be -2*(-15)/(-20)*-2. Suppose d*w + 70 = -2*w. Let v be g(w). What is the highest common factor of 5 and v?
1
Suppose 2*n + 6 = 5*n. Let z be (-2)/((-4)/37)*n. Let w = z + -30. What is the highest common divisor of w and 49?
7
Let v(u) = 57*u + 32. Let h be (-54)/(-15) - (3/5 - 1). Let j be v(h). What is the highest common factor of j and 20?
20
Suppose 396 = 2*k + 2*n, -2*k + 38*n + 396 = 43*n. Calculate the greatest common divisor of 828 and k.
18
Let a be 6/9*(-45)/(-10). Suppose a*o + 0*o - 52 = -5*w, -2*o + 52 = -w. Let d(l) = -l + 5. Let p be d(-7). What is the greatest common divisor of o and p?
12
Suppose 12*p = -3*j + 8640, j = 3*p - 1509 - 651. What is the greatest common divisor of 170 and p?
10
Let y be -9701*13/(-26)*2. Calculate the greatest common factor of y and 89.
89
Suppose -k - 152 = -5*k. Let r = k + -38. Suppose -94 = -2*g - v, -2*g + r*g + 3*v = -102. What is the highest common factor of 8 and g?
8
Suppose 15 = r - 4*h, -3*h + 21 = 2*r - 9. What is the highest common divisor of 330 and r?
15
Suppose -15*h = -1663 - 77. Calculate the highest common factor of h and 16.
4
Suppose 0 = 4*s + 5*y - 184, -s - 4*y = 15 - 61. Suppose -59710 - 32105 = -107*d + 14008. What is the highest common divisor of s and d?
23
Suppose -17*f = -1878 + 722. What is the greatest common divisor of 8 and f?
4
Let b(k) = 3*k - 89. Let c(v) = -2*v + 60. Let d(z) = -5*b(z) - 7*c(z). Let t be d(17). Calculate the greatest common factor of 232 and t.
8
Let c = -1912 - -1293. Let v = -591 - c. What is the greatest common factor of v and 252?
28
Let z = 3349 - -1771. What is the highest common factor of 100 and z?
20
Let v(h) = -h**3 + 27*h**2 - 18*h + 149. Let o be v(25). Calculate the greatest common divisor of 13 and o.
13
Suppose 10*j - 759 - 501 = 0. Let h be (j/(-12))/((-1)/14). Calculate the greatest common divisor of h and 21.
21
Let b = 128 - 72. Let s(x) = -x**2 - 7902*x + 79136. Let t be s(10). What is the highest common divisor of t and b?
8
Let m = 4 + 51. Suppose -2*y + 235 = m. Suppose -3*j = -1067 + 977. Calculate the highest common divisor of y and j.
30
Let l be 9 + (-112)/(-4) - 7. Suppose -l*c - 6*c + 1440 = 0. Calculate the greatest common factor of 130 and c.
10
Let t = 37 + 65. Let x = 126 + t. Suppose -2*i = -y + 4*y - 128, 4*i - y - x = 0. What is the highest common factor of 87 and i?
29
Let h be 3/(-4 + 284/68). Suppose 0 = -h*m + 15*m + 80. Let y = 9 + 1. Calculate the highest common divisor of y and m.
10
Let n(l) = -6*l**3 + 47*l**2 + 5*l - 2. Let x be n(6). Calculate the highest common factor of 1007 and x.
53
Let p be (-46 + 42)*((-32)/4 - 3). Calculate the greatest common divisor of p and 38.
2
Let s be 12 - (-3)/((-3)/2). Let w(x) = x**2 - 13*x + 32. Let o be w(7). Let r be (-10 - o)/(1*-2) - -2. What is the greatest common divisor of s and r?
2
Let r be -13 - 5 - 0 - (-4450)/89. Let c be (-3 - -1) + 2*15. What is the greatest common factor of r and c?
4
Let t = 24 - 6. Suppose -3927 = -11*i - 979. Suppose 5*r - i + 118 = 0. What is the greatest common factor of t and r?
6
Suppose -3*x + 253 = 3*u - 632, 3*u + x = 889. Let d(j) = -2*j**3 - 25*j**2 - 77*j + 14. Let g be d(-8). What is the greatest common factor of g and u?
27
Suppose 9*p - 5639 = -3239 + 6060. Calculate the highest common factor of p and 60.
20
Let h be -5 - 44/(-8) - 342/(-4). Let s = 134 - h. Calculate the greatest common divisor of s and 24.
24
Suppose 49*p - 44*p = -3*r + 44060, -r - 35265 = -4*p. Calculate the greatest common divisor of 430 and p.
215
Let c(j) = -298*j - 3288. Let x be c(-16). Calculate the highest common factor of x and 200.
40
Let k be ((-338)/12)/(54/(-972)). Calculate the greatest common divisor of k and 1287.
39
Let x be (0/(-1))/(-15 - -8 - -9). Suppose 2*f + 2*o + x*o = 6, -4*o + 7 = 3*f. Suppose -2*i - 540 = -f*i. What is the highest common factor of 20 and i?
20
Suppose -3*o = 156 - 1908. Suppose 0 = -2*r - 3*m + 289, 3*r - o + 148 = -4*m. Calculate the greatest common divisor of r and 19.
19
Let w = 17015 - 9834. What is the highest common factor of 334 and w?
167
Suppose 4*b - 4 - 34 = -z, 3*b = 4*z + 19. Let n be -18*(-6)/b + -3. Suppose -2*m + 37 = 4*f + 1, 4*m = f - 9. Calculate the greatest common factor of f and n.
9
Suppose 0 = 4*j - 16, -2*b - 3*j = -2*j - 264. Calculate the greatest common divisor of b and 30.
10
Let p = -152 - -67. Let t = 97 - p. Calculate the highest common factor of 28 and t.
14
Suppose 9*c - 126 = 3*c. Let d(h) = h. Let u(g) = -5*g - 6. Let f(r) = 6*d(r) + u(r). Let s be f(9). Calculate the greatest common divisor of s and c.
3
Let m be (-1 - (-1852)/(-3))*(-29)/(696/72). What is the greatest common divisor of 70 and m?
35
Let f(z) = 2*z**2 + 306*z - 17640. Let j be f(45). Let w be 2 - (1 + (-2 - -2)). Let i be w + (-1 - -74) + -2. What is the highest common factor of j and i?
36
Let c(t) = -13*t**2 + 345*t - 210. Let d be c(25). Calculate the greatest common divisor of d and 610.
10
Suppose -12*v + 55 = -233. Suppose 29*r - 10 = v*r. Let p be 48*((-16)/(-12))/r. What is the greatest common divisor of p and 32?
32
Let j = 68 - 50. Suppose -8*q = q - j. Let s be (-32)/(-8) + 105 + q/(-2). What is the greatest common divisor of 12 and s?
12
Let k = 1233 - 1254. Let l(h) be the first derivative of h**4/4 + 7*h**3 